o. What is the thousands digit of o?
1
Suppose 5*c - 5 = 2*r, r = -2*c - 3 - 4. Let v(u) = -4*u - 1. What is the units digit of v(r)?
9
Let b = 6 - -33. Suppose -3*z - z = -3*x + 9, -4*z - 3*x = b. What is the units digit of 3*2/4*(-4)/z?
1
Suppose 0 = -28*g + 4*g - 0*g + 456936. What is the tens digit of g?
3
Suppose -19*p - 855 = -0*p. What is the units digit of (-1 + 4)*-3*1985/p?
7
Let v(h) = -h. Let f be v(0). Let s = f + -67. Let b = s + 170. What is the tens digit of b?
0
Let y be (2 - 1)/((-312)/40 + 8). Let f be 296/20 + 1/y. Suppose 0 = -20*p + f*p + 540. What is the tens digit of p?
0
Let x(r) be the second derivative of 0 - 14*r + 9*r**2 + 17/6*r**3. What is the hundreds digit of x(6)?
1
Suppose 65*m = -3*p + 69*m + 277353, 3*m = 4*p - 369804. What is the thousands digit of p?
2
Suppose -9*s = -61*s + 162188. Suppose -5*d + v = -7*d + s, -2*v = -4*d + 6250. What is the units digit of d?
1
Suppose 5903 + 120336 = 33*h - 103672. What is the units digit of h?
7
Let x(t) = -215*t - 36. Let g be x(6). Let w = g + 2156. What is the units digit of w?
0
Suppose 0 = -d - 143*t + 138*t + 48285, 48245 = d - 5*t. What is the hundreds digit of d?
2
Suppose -4*d + 35 = 3*a, -3*d = 31*a - 34*a. Suppose 5*j = -a*q + 4251 - 781, -3*j + 2082 = -4*q. What is the tens digit of j?
9
What is the ten thousands digit of ((-24)/18)/((-1)/9489) + -13 + 15?
1
Suppose 132 - 134 = 2*m. What is the units digit of (m/((-5)/18))/(5/1125)?
0
Suppose 0 = 4*s - 5*b - 3619, -5*s + 982 = 5*b - 3598. Let h = 1423 - s. What is the hundreds digit of h?
5
Let k = 338 - -501. Suppose 0 = -2*c - 47 + k. What is the tens digit of c?
9
Let r = -16628 + 29898. What is the hundreds digit of r?
2
Suppose 0*s - 5*x = 5*s - 3705, -3*x + 3695 = 5*s. Suppose b = 4*v + s, 10*b - 13*b + 2278 = 2*v. What is the hundreds digit of b?
7
Suppose 0 = 3*z - 309 + 57. Let p be ((-7)/(z/(-248)))/((-4)/(-18)). Suppose w - p = -3*t, -4*t + 380 = 2*w + 2*w. What is the tens digit of w?
9
Suppose -5*y - j + 773 = 0, -5*y = -y - 4*j - 628. Let i = y + 144. What is the tens digit of i?
9
Let y be 2801 + 7/(28/16). Suppose 0 = 13*w + 2*w - y. What is the units digit of w?
7
Suppose 5*r - 6670 = 19*c - 21*c, 0 = 5*c - 3*r - 16737. What is the thousands digit of c?
3
Let u(x) = 109*x**2 - 333*x - 89. What is the tens digit of u(19)?
3
Let x = -1087 - -1974. Suppose t + 4645 = 5*q, -5*q = t - 5532 + x. What is the units digit of q?
9
Suppose 0 = -8*m + 84637 + 303691. What is the ten thousands digit of m?
4
Let a(o) = -5*o**2 - 9*o + 1. Let c be a(-3). Let k(h) = h + 21. Let t be k(c). Suppose -3*m = 4*f - 187, 4*f = -t*m - f + 249. What is the tens digit of m?
6
Suppose 7*c + 16878 = 4*c + 9*c. What is the units digit of c?
3
Let f be 96229/4 - (0 - 2/(-8)). What is the tens digit of f/15 + 6/30?
0
Let h(u) = 36*u - 15. Let s be h(7). Let z = -168 + s. Suppose -5*n = -8*n + z. What is the units digit of n?
3
Suppose 30*r - 541671 = 4*r + 9*r. What is the ten thousands digit of r?
3
Let c = -16 - -63. Let i = 71 - 73. Let g = c - i. What is the tens digit of g?
4
Suppose 283 = -5*h + 253, h - 23646 = -3*y. What is the units digit of y?
4
Let f be (-10894)/91 + (-2)/7. What is the hundreds digit of 489/4*(-160)/f?
1
Let q = 97 - 50. Suppose 4*l + 78 = -2*h, 0*h - h = 4*l + q. Let j = 42 - h. What is the units digit of j?
3
Let t = 437 - 0. What is the hundreds digit of t?
4
Let w = -485 + 535. What is the hundreds digit of 20/w + (-11732)/(-20)?
5
Let o = -631 - -166. What is the units digit of 279/o - (-1 + 3008/(-5))?
2
Let j be (-1 - (-3)/2)/(11/(-22)). What is the tens digit of 2005*j/(-10)*(-5 + 7)?
0
Let u(y) = 3*y**2 - 8*y - 16. Let s be u(-6). Let m(z) = -133*z**2 + 4 + 5*z - 2*z + s*z**2 - z**3. What is the units digit of m(6)?
8
Let u(a) = 105*a**2 - 7*a. Let k(v) = -158*v**2 + 12*v. Let m(r) = 5*k(r) + 8*u(r). What is the units digit of m(-3)?
8
Let x = 147 - 91. Let o be (-6)/8 - (-5978)/x. Let d = -59 + o. What is the tens digit of d?
4
What is the hundreds digit of 8684*((-279)/36 - (-1 + -7))?
1
Suppose 4*i + 24 = 0, f - 12783 = 453*i - 456*i. What is the tens digit of f?
0
Suppose -4855*c + 7561 + 279778 = -4842*c. What is the hundreds digit of c?
1
Let h be 1 - (9/(36/8) - -17). What is the hundreds digit of (h/5)/((-4)/1110)?
9
Let l = -27 - -28. Suppose 4*j - l = -5. What is the tens digit of j - ((-16)/4 + -18)?
2
Suppose 124*g - 14 = 117*g. Suppose 3*n - 669 = -f + 7*n, 4*n - 1290 = -g*f. What is the units digit of f?
3
Suppose 2045 + 425 = 5*k. Let p = k - -378. What is the hundreds digit of p?
8
Suppose 928 = -4*w + 4*q, 2*w = 3*w + 3*q + 216. Let k be 3*(-1 - 724/(-6)). Let p = w + k. What is the units digit of p?
1
Suppose -56600 = -14*r + 17264. What is the hundreds digit of r?
2
Suppose j = i - 1, i + 1 + 2 = 3*j. Suppose -4*h + j*u = -1564, -3*h - u = -0*u - 1163. What is the hundreds digit of h?
3
Let m = -46 - -87. Suppose -m*u = 7673 - 25098. What is the tens digit of u?
2
Let r(a) = -3*a**2 + 12*a - 47. Let u be r(12). Let t = 1027 + u. Suppose -14*c + 18*c = t. What is the units digit of c?
3
Let q(d) be the second derivative of 0 + 7/2*d**2 + 0*d**4 - 2/3*d**3 + 1/20*d**5 + 14*d. What is the tens digit of q(3)?
2
Let f = 1233 + 724. Suppose 7*o - 458 = f. What is the hundreds digit of o?
3
Suppose 3*f - 28 = -4*m - 2*f, -f = 0. Let a = m + 309. What is the hundreds digit of a?
3
Suppose 0 = 2*b - 4*b - 6, 2*b + 86 = -5*s. Let j be -1*((-20)/s)/(2/(-8)). Suppose j*i - 91 - 259 = 0. What is the units digit of i?
0
Let o(r) = r**2 + 15*r + 35. Let t be o(-12). Let g = t + 90. Suppose -772 = -7*s + g. What is the tens digit of s?
2
Let h = -13 - -20. Let x(z) = -z**2 + 32*z - 22*z + 2 - 1. What is the tens digit of x(h)?
2
Let d be 9/(-21)*-1 + 3516/28. Let n = -79 + d. Suppose -q - 5*m = -n, 308 = -4*q + 8*q - 4*m. What is the tens digit of q?
7
Let z(w) = w. Let x(a) = 3*a + 4. Let t(n) = x(n) - 5*z(n). Let v be t(3). What is the tens digit of -30*v*(-4)/(-10)?
2
Let v = 57919 - 21788. What is the units digit of v?
1
Let l(c) = -c**3 + 29*c**2 + 58*c + 5. Let i be l(31). Let u = 159 + i. Let h = 6 + u. What is the tens digit of h?
4
Let f(v) = -17*v - 183. Let c be f(-11). What is the units digit of 41/(c/(-2) + 3)?
1
What is the units digit of (3*3 - (-98 - 43582))/((-1)/(-1))?
9
Let x be 251/2 + (-3)/6. Let h be ((-12)/(-8))/(3/(-150)). Let o = x + h. What is the tens digit of o?
5
Suppose -4*r + 2*h + 99898 = 0, 12000 = 3*r + 10*h - 62820. What is the units digit of r?
0
Suppose 2*s = -2*o + 108060, 19*s - 17*s + 4*o - 108046 = 0. What is the ten thousands digit of s?
5
What is the tens digit of 3/24*4*106008/21?
2
Let a(k) be the third derivative of 5*k**4/24 - 19*k**3/6 - 22*k**2. Let b be a(6). Let u(d) = 6*d - 14. What is the units digit of u(b)?
2
Let c be ((-202)/(-6) - -7)*-18. Let b = -180 - c. What is the hundreds digit of b?
5
Let k(m) = -2*m**2 + 4 + m**3 + 5*m**3 + 4*m + 1 - 6. Let d be k(3). Suppose -443 + d = -2*v. What is the tens digit of v?
4
Suppose -5*o + 31 = 11. Suppose -4*j - 2 = o*a + 2, -4*j - 3*a = 0. What is the tens digit of (-1)/(j + (-255)/84)?
2
Let i be (-32)/112 + (-6094)/(-14). Suppose 1722 = 4*a + 2*u, a + 5*u - i = 6*u. What is the tens digit of a?
3
Let d be (-20*(-9)/(-6))/(-2). Suppose d*x - 2384 = 2641. What is the tens digit of x?
3
Let u be ((-4)/(-8))/((-1)/(-58)). Suppose 4*c + 11 - 143 = 0. Let r = u + c. What is the units digit of r?
2
Let f = 67 + -177. Let o = -106 - f. Suppose 0 = -2*r - o*c + 40, -2*r - 2*r = -c - 35. What is the units digit of r?
0
Let g(k) = 4*k + 73. Let s be g(-13). Suppose s*u + 3*b - 1840 = 16*u, -3*u = -5*b - 1070. What is the tens digit of u?
6
Suppose -4*p = -3*w - 392, -2*p + w + 176 = -18. Suppose 2*s = -5*y + 35, 5*y = 20*s - 17*s + 10. What is the hundreds digit of 4 + p + y/5?
1
Suppose -32 = -11*c + 1. Let b(n) = 6*n**3 - 22 - 2*n + 22*n**2 - 5*n**c - 12. What is the units digit of b(-22)?
0
Suppose -3*w + 2*j + 26214 = 0, 10*w - 43690 = 5*w + 6*j. What is the hundreds digit of w?
7
Let v be (1 - 60)/(-1)*-1. Let i = 216 + -96. Let d = i - v. What is the hundreds digit of d?
1
Let u = 1 - -55. What is the hundreds digit of u/(-56) + (-419)/(2/(-2))?
4
Let m = -1957 - -7497. What is the